22).
-100
Let c(w) = 3*w**2 - w + 1. Calculate c(-2).
15
Let l(r) = -2*r**2 - 8*r. Give l(-4).
0
Let d(s) = -7*s + 33. Calculate d(12).
-51
Let a(h) = 2*h**2 + 52*h + 193. Determine a(-4).
17
Let x(r) = 2*r + 4. Calculate x(9).
22
Let p(x) = -x**2 - 10*x + 192. Calculate p(-20).
-8
Let m(u) = -u**2 + 13*u - 12. What is m(10)?
18
Let a(z) = 4*z**3 + z**2 - 5*z + 7. Determine a(3).
109
Let d(i) = 4*i + 9. Give d(-6).
-15
Let s(q) = q + 7. What is s(-2)?
5
Let v(h) = -h**2 - 4*h + 8. Determine v(-8).
-24
Let c(t) = -t**3 + 6*t**2 + 18*t + 15. What is c(9)?
-66
Let d(b) = b**3 - 5*b**2 + b + 7. Give d(4).
-5
Let m(u) = 26*u - 83. Calculate m(3).
-5
Let d(c) = -c**3 + 10*c**2 - 5*c - 7. Determine d(9).
29
Let o(g) = 5*g**2 + 5*g - 1. Calculate o(3).
59
Let y(p) = -15*p - 328. What is y(-21)?
-13
Let y(b) = b**2 - 10*b - 43. Calculate y(13).
-4
Let j(o) = -o**2 + 16*o - 10. Determine j(15).
5
Let t(m) = m**2 + m + 3. What is t(3)?
15
Let i(o) = -9*o - 24. What is i(-3)?
3
Let r(j) = j**2 + 8*j + 5. Give r(-7).
-2
Let t(w) = 5*w - 48. Determine t(10).
2
Let c(m) = m**3 - 4*m**2 - 10*m + 22. Calculate c(5).
-3
Let y(f) = -26*f - 31. Determine y(-3).
47
Let b(x) = -5*x**2 - x + 4. Calculate b(-3).
-38
Let p(k) = 4*k - 84. Give p(18).
-12
Let z(y) = y**3 + 25*y**2 + 24*y - 1. Determine z(-24).
-1
Let m(r) = 21*r**2 + 104*r - 10. What is m(-5)?
-5
Let b(v) = -v - 7. What is b(-11)?
4
Let s(c) = -2*c**3 + 13*c**2 - 7*c + 1. What is s(6)?
-5
Let b(r) = -3*r**2 + 5*r + 3. What is b(-1)?
-5
Let u(x) = -4*x + 4. Calculate u(6).
-20
Let h(t) = t**2 + 8*t + 15. What is h(-3)?
0
Let a(h) = h**2 - 21*h - 103. Determine a(-4).
-3
Let p(g) = -77*g**2 + 4*g - 1. Determine p(1).
-74
Let n(y) = -y**3 - 25*y**2 - 115*y - 27. Calculate n(-19).
-8
Let z(n) = n**2 + 5*n - 4. What is z(3)?
20
Let b(h) = h**3 - 7*h**2 - 4*h - 3. What is b(8)?
29
Let r(d) = d**3 + 17*d**2 + 21*d + 79. Determine r(-16).
-1
Let t(h) = h**3 - 24*h**2 + 43*h + 14. What is t(22)?
-8
Let j(i) = i**3 - 6*i**2 - 6*i - 12. Calculate j(8).
68
Let k(s) = -2*s - 20. Calculate k(6).
-32
Let d(u) = -13*u - 20. Give d(3).
-59
Let m(v) = -v - 3. Calculate m(-3).
0
Let w(d) = -32*d - 261. Determine w(-8).
-5
Let u(h) = -10*h**2 + 3*h + 10. Give u(-2).
-36
Let v(w) = -13*w**3 - 1. Give v(1).
-14
Let t(l) = 17*l - 49. Give t(3).
2
Let n(k) = k**2 - 50*k - 609. Calculate n(-10).
-9
Let h(l) = -3*l - 12. Calculate h(-8).
12
Let p(c) = c**3 - 6*c**2 - 7*c + 3. Calculate p(7).
3
Let n(p) = p**3 - 8*p**2 + 14*p - 10. Determine n(6).
2
Let d(p) = 6*p**2 + 4*p - 5. Give d(-4).
75
Let z(h) = h**2 - 29*h + 15. Calculate z(28).
-13
Let q(i) = i**3 - 6*i**2 + 5*i - 5. Determine q(5).
-5
Let q(x) = -4*x**3 - 2*x**2 + 2. What is q(2)?
-38
Let j(h) = 2*h**2 + 3*h. Determine j(-5).
35
Let r(n) = -n**3 + 14*n**2 - 17. What is r(14)?
-17
Let o(j) = j**3 + 16*j**2 + 12*j - 41. Calculate o(-15).
4
Let o(f) = -f**3 - 8*f**2 + 12*f + 15. What is o(-9)?
-12
Let v(h) = h**3 + 7*h**2 + 7*h - 10. Give v(-6).
-16
Let p(f) = 2*f**2 + 50*f + 22. What is p(-24)?
-26
Let u(p) = -54*p + 331. Give u(6).
7
Let q(x) = 5*x + 22. Give q(-4).
2
Let u(z) = z**2 + 32*z + 162. What is u(-6)?
6
Let f(o) = -24*o - 4. Give f(0).
-4
Let k(z) = -2*z**3 - 3*z**2 - 5*z - 11. Give k(-2).
3
Let j(t) = t**2 - 35*t + 239. Determine j(9).
5
Let r(h) = -2*h**2 - 16*h - 2. Calculate r(-7).
12
Let y(r) = -r**3 + 6*r**2 - 8*r + 6. What is y(3)?
9
Let i(j) = -j**2 - 9*j + 15. What is i(-11)?
-7
Let g(t) = -t**2 + 10*t + 8. What is g(10)?
8
Let q(y) = y**3 + 6*y**2 - 7*y + 5. Determine q(-7).
5
Let i(x) = -2*x**2 + x + 3. Give i(-2).
-7
Let c(g) = -7*g - 39. Determine c(-8).
17
Let r(u) = -6*u + 7. Determine r(3).
-11
Let a(w) = -w**3 - w**2 + 11*w - 6. Give a(5).
-101
Let w(b) = -b**3 + 3*b**2 - 5*b + 12. What is w(4)?
-24
Let u(q) = q**2 - 60*q + 813. Give u(21).
-6
Let l(y) = 16*y**2 - 4*y - 6. What is l(-2)?
66
Let q(a) = a - 24. Give q(0).
-24
Let o(z) = 5*z. Calculate o(3).
15
Let j(t) = t - 35. Calculate j(-6).
-41
Let v(p) = p**3 + 2*p - 54. Give v(0).
-54
Let n(h) = -h**3 - 13*h**2 + h + 1. Determine n(-13).
-12
Let d(i) = 3*i**2 - 2*i. What is d(-1)?
5
Let g(r) = -r**3 + 7*r**2 + 6*r - 26. What is g(7)?
16
Let s(k) = 5*k**3 - 9*k**2 + 20*k - 4. What is s(2)?
40
Let f(g) = 31*g - 30. Give f(1).
1
Let g(m) = 3*m + 9. Determine g(0).
9
Let t(n) = 45*n**2 - 2*n + 1. Determine t(1).
44
Let k(g) = g**2 - 15*g + 40. Give k(12).
4
Let z(w) = w**2 - w + 1. Give z(0).
1
Let l(u) = -u**3 - 4*u**2 + 7*u - 11. Calculate l(-6).
19
Let j(o) = -o**3 + 3*o**2 + 9*o - 9. Calculate j(5).
-14
Let l(y) = 5*y + 3. Calculate l(-5).
-22
Let o(f) = 4*f**3 - f**2 + 1. What is o(1)?
4
Let g(a) = -a + 7. Give g(4).
3
Let p(o) = -o**2 + 26*o + 5. Determine p(26).
5
Let o(y) = -y**3 + 5*y**2 - 5*y - 5. Give o(4).
-9
Let j(l) = -3*l**2 - 6*l + 9. Determine j(2).
-15
Let y(z) = -z**2 + 19*z + 22. Give y(20).
2
Let y(q) = -q**3 - 7*q**2 + q + 13. What is y(-7)?
6
Let o(y) = -12*y + 108. Determine o(10).
-12
Let g(f) = f**3 - 13*f**2 - 90*f + 4. Determine g(18).
4
Let x(h) = 5*h - 95. Determine x(17).
-10
Let r(s) = -s**2 + 22*s - 45. Determine r(20).
-5
Let q(y) = -y**3 - 5*y**2 + y - 11. Give q(-5).
-16
Let z(t) = 12*t - 20. What is z(20)?
220
Let i(p) = 7*p + 92. Determine i(-14).
-6
Let z(k) = k**2 - 9*k - 42. Calculate z(13).
10
Let k(d) = -d**3 - 3*d**2 + d + 2. Determine k(-4).
14
Let j(f) = f**3 + 7*f**2 + 2*f + 5. Determine j(-5).
45
Let d(q) = -108*q + 2. Give d(1).
-106
Let h(b) = 2*b + 4. Calculate h(-5).
-6
Let h(u) = -15*u - 85. Calculate h(-5).
-10
Let l(y) = 2*y**3 + 8*y**2 + 3*y + 10. Give l(-4).
-2
Let w(n) = -n**3 + 10*n**2 - 11*n - 14. What is w(9)?
-32
Let a(n) = 5*n**2 - 41*n - 88. Determine a(10).
2
Let w(m) = m**3 + 11*m**2 - 11*m + 5. Calculate w(-12).
-7
Let f(l) = l**2 + 9*l - 1. Calculate f(-10).
9
Let k(s) = -s**3 + 5*s**2 - 6*s. Determine k(4).
-8
Let m(f) = -2*f**2 + 2*f + 2. Determine m(5).
-38
Let v(t) = -t**3 - 5*t**2 - 3*t + 1. What is v(-3)?
-8
Let j(m) = 4*m - 1. Calculate j(-2).
-9
Let f(j) = -j**3 - 9*j**2 - 16*j - 10. Determine f(-7).
4
Let l(y) = y**2 + 7*y + 7. Calculate l(-7).
7
Let v(m) = -m**3 + 6*m**2 - m - 16. Determine v(5).
4
Let r(u) = -u**3 - 12*u**2 - 9. What is r(-12)?
-9
Let g(p) = p - 14. Give g(-14).
-28
Let r(s) = 2*s**2 - 11*s - 9. What is r(6)?
-3
Let h(x) = x**2 - 19*x + 49. Determine h(14).
-21
Let c(i) = -2*i**3 - 7*i**2 + 9*i. Determine c(2).
-26
Let l(z) = -z**3 - 7*z**2 - 6*z + 4. Give l(-6).
4
Let m(p) = -14*p - 61. Determine m(5).
-131
Let y(q) = -q**3 - 4*q**2 + 4*q + 2. What is y(-5)?
7
Let n(b) = -2*b - 64. Calculate n(-35).
6
Let u(n) = -n**3 + 9*n**2 - n + 13. What is u(9)?
4
Let v(g) = g**2 - 3*g - 1. What is v(6)?
17
Let p(h) = -107*h + 739. What is p(7)?
-10
Let g(v) = 27*v - 265. Determine g(10).
5
Let s(i) = -30*i - 10. Determine s(-1).
20
Let m(o) = 5*o - 19. Determine m(13).
46
Let z(l) = 13*l**2 - 3*l + 1. What is z(1)?
11
Let p(k) = 9*k**2 + k - 1. Calculate p(1).
9
Let v(c) = c**3 + 14*c**2 - c - 20. Give v(-14).
-6
Let m(n) = -10*n + 78. What is m(10)?
-22
Let f(u) = -3*u + 13. Calculate f(-8).
37
Let w(y) = -y**2 + 7*y + 7. Give w(8).
-1
Let m(x) = 4*x**3 - 19*x**2 + 7*x + 16. Give m(4).
-4
Let g(j) = 2*j**2 + 50*j + 84. What is g(-23)?
-8
Let h(n) = 40*n + 278. Give h(-7).
-2
Let q(u) = -u**2 - 7*u + 11. What is q(-6)?
17
Let d(o) = 3*o**2 + 2. Determine d(1).
5
Let i(t) = -t. Calculate i(0).
0
Let c(z) = -2*z**3 - 3*z**2 - 5*z - 14. What is c(-3)?
28
Let j(y) = y**2 - 25*y + 39. Calculate j(23).
-7
Let d(o) = -5*o. Determine d(-1).
5
Let n(f) = 3*f**2 - 6*f - 6. Determine n(-3).
39
Let c(n) = n**2 - 12*n + 14. Determine c(10).
-6
Let v(o) = -19*o + 25. What is v(3)?
-32
Let v(m) = -m**3 - 11*m**2 - 3*m - 41. Calculate v(-11).
-8
Let p(d) = -d**2 + 8*d - 44. Determine p(4).
-28
Let k(n) = 10*n - 114. Determine k(12).
6
Let j(w) = w**3 + 12*w**2 + 9*w - 11. Determine j(-11).
11
Let o(m) = -m**3 - 3*m**2 + 3*m + 2. What is o(-3)?
-7
Let g(n) = -n**3 - 15*n**2 + 34*n - 1. Calculate g(-17).
-1
Let k(i) = 3*i + 40. Determine k(-15).
-5
Let y(h) = -3*h**2 - 2*h + 3. Give y(-3).
-18
Let j(t) = 13*t - 73. Calculate j(8).
31
Let a(y) = -y**3 + 3*y**2 + 12*y + 1. Give a(5).
11
Let l(h) = h**3 + 12*h**2 - 13*h - 